is divided by 3.
2
Calculate the remainder when 15683 is divided by 15647.
36
Calculate the remainder when 160 is divided by 58.
44
Calculate the remainder when 22854 is divided by 22.
18
Calculate the remainder when 196343 is divided by 98164.
15
Calculate the remainder when 37566 is divided by 1467.
891
What is the remainder when 606113 is divided by 18?
17
What is the remainder when 310456 is divided by 433?
428
What is the remainder when 103504 is divided by 10?
4
Calculate the remainder when 7239 is divided by 1236.
1059
What is the remainder when 656 is divided by 236?
184
Calculate the remainder when 10921 is divided by 10621.
300
Calculate the remainder when 9434 is divided by 557.
522
What is the remainder when 25267 is divided by 261?
211
Calculate the remainder when 130258 is divided by 31.
27
Calculate the remainder when 6307013 is divided by 55.
53
What is the remainder when 10332 is divided by 75?
57
What is the remainder when 60287 is divided by 248?
23
What is the remainder when 799454 is divided by 33?
29
What is the remainder when 72523 is divided by 110?
33
What is the remainder when 409163 is divided by 12?
11
What is the remainder when 61321 is divided by 27?
4
Calculate the remainder when 12404 is divided by 5978.
448
Calculate the remainder when 9966 is divided by 46.
30
Calculate the remainder when 1994 is divided by 84.
62
What is the remainder when 11030 is divided by 2755?
10
Calculate the remainder when 13192 is divided by 1748.
956
What is the remainder when 25478 is divided by 4204?
254
What is the remainder when 30990 is divided by 480?
270
What is the remainder when 436 is divided by 76?
56
Calculate the remainder when 8397 is divided by 2672.
381
Calculate the remainder when 2627 is divided by 435.
17
Calculate the remainder when 635055 is divided by 452.
447
Calculate the remainder when 3000 is divided by 91.
88
What is the remainder when 14179 is divided by 1305?
1129
Calculate the remainder when 396611 is divided by 15.
11
Calculate the remainder when 23577 is divided by 14.
1
Calculate the remainder when 21054 is divided by 3506.
18
Calculate the remainder when 583 is divided by 178.
49
Calculate the remainder when 18242 is divided by 2395.
1477
What is the remainder when 10511 is divided by 34?
5
What is the remainder when 374890 is divided by 42?
40
What is the remainder when 23482 is divided by 809?
21
Calculate the remainder when 274368 is divided by 109.
15
Calculate the remainder when 40556 is divided by 22.
10
Calculate the remainder when 818556 is divided by 281.
3
What is the remainder when 133852 is divided by 44604?
40
Calculate the remainder when 36135 is divided by 20.
15
Calculate the remainder when 232463 is divided by 63.
56
What is the remainder when 6001 is divided by 5904?
97
What is the remainder when 12300 is divided by 425?
400
What is the remainder when 2021 is divided by 350?
271
Calculate the remainder when 332610 is divided by 315.
285
What is the remainder when 68735 is divided by 427?
415
Calculate the remainder when 10902 is divided by 3631.
9
What is the remainder when 3969754 is divided by 1602?
1600
Calculate the remainder when 9846 is divided by 201.
198
What is the remainder when 21897 is divided by 2736?
9
What is the remainder when 13054 is divided by 195?
184
Calculate the remainder when 1752 is divided by 401.
148
Calculate the remainder when 166901 is divided by 15172.
9
Calculate the remainder when 31994 is divided by 79.
78
What is the remainder when 41759 is divided by 240?
239
Calculate the remainder when 58665 is divided by 119.
117
What is the remainder when 363117 is divided by 51?
48
What is the remainder when 46378 is divided by 9?
1
Calculate the remainder when 188761 is divided by 1.
0
Calculate the remainder when 29747 is divided by 14871.
5
What is the remainder when 64368 is divided by 298?
0
Calculate the remainder when 10837 is divided by 2707.
9
Calculate the remainder when 2124 is divided by 1056.
12
What is the remainder when 7862 is divided by 18?
14
What is the remainder when 169079 is divided by 99?
86
Calculate the remainder when 63283 is divided by 29.
5
Calculate the remainder when 4837 is divided by 6.
1
What is the remainder when 115027 is divided by 386?
385
Calculate the remainder when 147956 is divided by 682.
644
Calculate the remainder when 11701 is divided by 123.
16
Calculate the remainder when 27800 is divided by 397.
10
What is the remainder when 234056 is divided by 19504?
8
Calculate the remainder when 100160 is divided by 279.
278
Calculate the remainder when 3128 is divided by 51.
17
Calculate the remainder when 12084 is divided by 3003.
72
What is the remainder when 1104 is divided by 44?
4
Calculate the remainder when 133175 is divided by 212.
39
Calculate the remainder when 15214 is divided by 7598.
18
What is the remainder when 9015 is divided by 96?
87
What is the remainder when 244805 is divided by 137?
123
Calculate the remainder when 92460 is divided by 18.
12
What is the remainder when 470013 is divided by 38?
29
What is the remainder when 161273 is divided by 25?
23
What is the remainder when 9046 is divided by 472?
78
What is the remainder when 393890 is divided by 53?
47
Calculate the remainder when 679 is divided by 12.
7
Calculate the remainder when 3327 is divided by 15.
12
What is the remainder when 15956 is divided by 1151?
993
Calculate the remainder when 42014 is divided by 45.
29
Calculate the remainder when 8222 is divided by 196.
186
Calculate the remainder when 395695 is divided by 931.
20
What is the remainder when 309987 is divided by 3069?
18
Calculate the remainder when 32393 is divided by 89.
86
Calculate the remainder when 702644 is divided by 15.
14
What is the remainder when 68843 is divided by 13768?
3
Calculate the remainder when 1328110 is divided by 664046.
18
Calculate the remainder when 10133 is divided by 1688.
5
What is the remainder when 2140179 is divided by 66?
63
Calculate the remainder when 9274 is divided by 5.
4
Calculate the remainder when 3397 is divided by 339.
7
What is the remainder when 13574 is divided by 6532?
510
Calculate the remainder when 9214 is divided by 198.
106
What is the remainder when 8247 is divided by 44?
19
Calculate the remainder when 6866 is divided by 1639.
310
Calculate the remainder when 164486 is divided by 7.
0
Calculate the remainder when 1124548 is divided by 357.
355
What is the remainder when 1163816 is divided by 61?
58
Calculate the remainder when 1165928 is divided by 13.
10
What is the remainder when 1172218 is divided by 15?
13
What is the remainder when 31691 is divided by 57?
56
Calculate the remainder when 27766 is divided by 45.
1
What is the remainder when 52217 is divided by 103?
99
What is the remainder when 54196 is divided by 13548?
4
What is the remainder when 16892 is divided by 161?
148
What is the remainder when 272447 is divided by 198?
197
Calculate the remainder when 840 is divided by 115.
35
What is the remainder when 2192 is divided by 29?
17
Calculate the remainder when 182513 is divided by 529.
8
What is the remainder when 5029 is divided by 394?
301
Calculate the remainder when 89228 is divided by 21.
20
What is the remainder when 75215 is divided by 597?
590
Calculate the remainder when 1564 is divided by 2.
0
Calculate the remainder when 1896173 is divided by 14.
13
Calculate the remainder when 16320 is divided by 208.
96
Calculate the remainder when 4858 is divided by 536.
34
Calculate the remainder when 3524 is divided by 140.
24
Calculate the remainder when 709 is divided by 218.
55
What is the remainder when 373711 is divided by 186826?
59
Calculate the remainder when 179240 is divided by 1948.
24
What is the remainder when 4389 is divided by 285?
114
Calculate the remainder when 202169 is divided by 67385.
14
Calculate the remainder when 15940 is divided by 202.
184
What is the remainder when 2707950 is divided by 13?
11
Calculate the remainder when 6058 is divided by 208.
26
What is the remainder when 38889 is divided by 19403?
83
Calculate the remainder when 9154 is divided by 9085.
69
What is the remainder when 598639 is divided by 86?
79
Calculate the remainder when 1524 is divided by 760.
4
What is the remain